ate the highest common divisor of c and 30.
6
Let o(x) = -1. Let k(s) = 6*s**2 + s - 9. Let b(u) = -k(u) + 6*o(u). Let y be b(-4). Let t = 189 + y. Calculate the greatest common divisor of t and 20.
20
Let v = 130 - 75. Let k(o) = 3*o**2 + 2*o - 11. Let z be k(3). What is the greatest common factor of v and z?
11
Let m = 21 + -13. Suppose 0*x = 4*x - 16. Let j be (-22 - (-2 + x))*-1. Calculate the greatest common factor of m and j.
8
Suppose c + 5*l + 22 = 77, 5*l + 125 = 5*c. Calculate the highest common factor of c and 330.
30
Suppose -2*g + 18 = r, 4*g + g = -5*r + 80. Calculate the highest common factor of 21 and r.
7
Let g be (-1275)/17*(-3 + 1 + 1). What is the greatest common divisor of g and 30?
15
Suppose 3*c - 20 = -c. What is the highest common divisor of c and 5?
5
Suppose -2*m + 5 = -m. Suppose -73 = -g - 2*j, j + 263 + 124 = m*g. Calculate the greatest common divisor of g and 7.
7
Let f be (8/(-36) + 38/90)*5. Calculate the greatest common factor of 8 and f.
1
Let o(r) = -11*r**3 + r. Let z be o(-1). What is the greatest common divisor of z and 5?
5
Let o be 24/(-18)*3/(-2). Suppose -6*r + 13 = -4*r + 5*y, r - 8 = -o*y. What is the highest common factor of 21 and r?
7
Let p be (-1)/(((-1)/(-3))/(6/(-2))). Calculate the greatest common factor of p and 99.
9
Let f be (1 + -2)/((-3)/69). Suppose 73 = 4*z - f. Let n(r) = r**3 + 5*r**2 - 3*r - 3. Let v be n(-5). What is the greatest common divisor of v and z?
12
Let c(t) = -3*t**3 + 4*t**2 - 2*t - 10. Let h be c(-2). Suppose 0 = 4*a - 12, 12 = 2*y + 2*a - 28. Calculate the highest common factor of y and h.
17
Suppose -q + 3*p + 19 = 0, -4*q - 4*p + 79 = -13. Calculate the highest common factor of q and 11.
11
Suppose q - 36 - 52 = 0. What is the greatest common factor of q and 22?
22
Suppose 0*c - 166 = -3*c + 4*w, 88 = 2*c + 3*w. Suppose 4*q - c = -3*v, 0*v + 5*q = 2*v - 64. Calculate the greatest common divisor of v and 176.
22
Let i be (-6 + (-430)/(-4))*(1 + 1). What is the greatest common divisor of i and 29?
29
Let f = 182 + -378. Let u be (-6)/(-15) + f/(-10). Calculate the greatest common divisor of 8 and u.
4
Suppose 0 = 3*y - 7*y + 320. What is the greatest common divisor of 20 and y?
20
Suppose 0 = -2*q - 2*q - 12, -4*z + 109 = q. Suppose 3*c - 3*m = -c + 47, 5*m = -3*c + z. Let a = c + 5. Calculate the greatest common divisor of 144 and a.
16
Let f(i) = -5*i - 12. Let n be f(-11). Let w = 67 - n. Calculate the greatest common divisor of w and 96.
24
Let q(j) = -j**2 + 6*j + 8. Let c be q(6). Suppose -u + 5*u = 192. What is the greatest common factor of u and c?
8
Let i(o) = -o**3 - 5*o**2 + 2. Let f be i(-5). Let z be 1 + 0/(-1 - 0). Calculate the greatest common divisor of z and f.
1
Let f be 3/(-3*(-3)/78). Suppose 0 = -3*t - 0*t + 195. What is the greatest common divisor of t and f?
13
Let j = -12 + 7. Let l = j + 18. Suppose 0 = w + 3*w - 416. What is the highest common factor of w and l?
13
Let c = 79 + -9. Calculate the highest common divisor of 14 and c.
14
Let q be (2 + 4)*-2*5. Let z be ((-5)/(-2))/((-5)/q). Suppose 0 = 5*o - 5*n - 70, -z = -0*o - 3*o - 3*n. Calculate the highest common factor of 8 and o.
4
Let j = 30 - 17. Suppose 163 = 5*q + j. What is the highest common factor of 45 and q?
15
Let i(n) = 31*n**2 - 3*n - 1. Let d be i(-1). What is the highest common divisor of 22 and d?
11
Suppose 0 = a - 1, l + 5*a + 3 = 2. Let s be 102/3 + l/(-3). Suppose 4*r + 4*h - 88 = -0*h, 2*r + 4*h = 40. What is the greatest common factor of s and r?
12
Suppose 13*y = 14*y - 2. Suppose -6 = -3*g - 0*g. What is the highest common factor of g and y?
2
Let x(p) = -24*p + 6. Let r be ((-1)/(-3))/(5/(-75)). Let d be x(r). What is the greatest common factor of d and 14?
14
Let g(w) = -w - 5. Let s be g(-5). Let d be s + 0 - (-90)/3. Let x(k) = k**2 - k + 3. Let m be x(-8). Calculate the highest common factor of d and m.
15
Let u be ((-4)/8*-4)/(2/29). Calculate the highest common divisor of 203 and u.
29
Let z(k) = 85*k**3 + k**2 - 2*k + 1. Let p be z(1). Let m = 14 + p. Let i = 171 - m. What is the highest common divisor of 9 and i?
9
Let d be (0 - -2)/(2/10). Let v = -3 + 3. Suppose h + 1 - 6 = v. What is the greatest common factor of h and d?
5
Let d(a) = a**2 - a + 8. Let h be d(0). Let o(r) = -r**2 + 10*r - 4. Let x be o(h). Calculate the highest common divisor of 36 and x.
12
Let q = 35 - 27. What is the greatest common factor of 64 and q?
8
Suppose 3*a - 8*a + 75 = 0. Calculate the greatest common factor of a and 30.
15
Suppose 0 = -2*t + t + 4*u + 23, 3*t = 4*u + 29. Suppose -4*c + t*f - 3 = 0, -2*f + f = -c - 2. What is the highest common factor of c and 33?
3
Let y = 9 + 19. Calculate the greatest common factor of y and 308.
28
Let o = 114 + -43. Suppose 2*r = -o + 187. What is the highest common factor of r and 87?
29
Let t(c) = 4*c**2 + 23*c + 7. Let i(k) = 5*k**2 + 24*k + 7. Let b(v) = 3*i(v) - 4*t(v). Let r be b(-17). Calculate the highest common factor of 11 and r.
11
Let t(w) = w**3 - 3*w**2 - 6*w - 8. Let k be t(6). Let l = 13 - 5. What is the highest common divisor of k and l?
8
Let w = 18 - -6. Suppose 16 = 2*c - w. Calculate the highest common divisor of c and 8.
4
Let t(i) = i**2 + 1. Let b(l) = -l**2 - 5. Let j(d) = b(d) + 3*t(d). Let n be j(2). What is the greatest common factor of 66 and n?
6
Let n = 12 - 10. Calculate the highest common divisor of 8 and n.
2
Let i(q) = 2*q + 9*q**2 - 2 - 6*q**2 + 1. Let v be i(4). What is the highest common factor of 11 and v?
11
Suppose -36 = -4*n + n. Let f = 17 - n. Calculate the greatest common factor of 40 and f.
5
Let b = 142 + -96. Let n be b + 2/3*-3. What is the highest common factor of 11 and n?
11
Let u be -5 + 1 - (-91 - -7). What is the highest common divisor of u and 10?
10
Suppose -2*i + 22*i - 2380 = 0. Calculate the greatest common factor of i and 17.
17
Suppose -18 = 5*o + 4*v - 70, -3*o = -5*v - 46. Let h be o/(-20) + (-2866)/(-10). Calculate the greatest common divisor of 26 and h.
26
Let i(s) = s**2 - 3*s + 3. Let p be i(5). What is the highest common factor of 13 and p?
13
Suppose -4*d = 3*f - 4*f - 41, -2*d + f + 21 = 0. Let b = 126 + -77. Let k = b + -29. Calculate the greatest common factor of d and k.
10
Suppose -3*g + 7 = -2*g. Calculate the highest common divisor of g and 77.
7
Suppose 2*b = 10*b - 8. Suppose 3*u - 13 + 4 = 0. Let m be 10/u*(-48)/(-20). What is the highest common divisor of b and m?
1
Suppose 3*h - 57 - 693 = 0. Suppose 0 = -5*i + 5*z + h, 2*z + 2 = z. Let j be 17/3 + (-4)/(-12). What is the greatest common divisor of j and i?
6
Suppose 2*s - 177 = -0*a + 3*a, 5*a + 85 = s. Suppose 3*m - w - 44 = w, m - 3*w = 3. Calculate the highest common factor of s and m.
18
Let z be (-9)/6*10/(-3). Suppose -442 = z*x - 1162. Calculate the greatest common factor of 16 and x.
16
Let y be 16/88 + (-42)/(-11). Let t(m) = m**2 + 2. Let o be t(2). Calculate the highest common divisor of y and o.
2
Let h = 41 + -33. What is the highest common divisor of 24 and h?
8
Suppose -11 = -k + 4. What is the highest common divisor of 6 and k?
3
Let h be 2 + 0 - (6 - 1). Let r be (h/9)/((-2)/90). Let l be 16/20*r/6. Calculate the highest common divisor of 1 and l.
1
Let l be ((-1)/(-2))/(2/(-16)). Let h be 2/4*l - -14. What is the highest common factor of 120 and h?
12
Suppose 5*o + 65 = 5*t, 2*o + 3 = 3*o. What is the highest common divisor of t and 80?
16
Let j(g) = 12*g - 4. Let x be j(3). Suppose m - x = 4. Let s be (-130)/(-18) + (-8)/m. Calculate the highest common divisor of 77 and s.
7
Suppose 0*s = 4*s - 12. Suppose -u = 3, 5*u - 2 = -s*i - 11. Suppose -2*j - 16 = -3*k + 35, i*k + 5*j = 53. Calculate the greatest common divisor of k and 152.
19
Let m(u) = 5*u**2 + 1. Let c be m(-1). Let h = 18 - c. What is the greatest common divisor of 96 and h?
12
Let f be -3*128/(-60)*10. What is the greatest common factor of f and 8?
8
Suppose 20 = 5*h - 25. Let v be (-2)/5 + (-64)/(-10). What is the highest common divisor of v and h?
3
Let v be 46/(-4) - 3/6. Let t be (1 + -4)*v/9. What is the highest common divisor of t and 4?
4
Let c = 0 + 4. Let q(y) = 2*y**2 + y - 2. Let r be q(-2). Suppose 0*o = o - r. What is the greatest common divisor of o and c?
4
Suppose -13*o = -19*o + 198. Calculate the grea